g) = 6*g + 7. Let n(s) = -5*t(s) + 6*y(s). Let u be n(-2). Let v = u + 40. What is the units digit of v?
7
Suppose 0 = 2*x + 2*v - 3*v - 145, 50 = x - 5*v. Suppose y = 6*y - x. What is the units digit of y?
5
Let r(f) = -2*f + f + 2 + 2*f. What is the units digit of r(0)?
2
Let l(w) = 3 + 3*w - 3*w + w**2 - 7*w + 3. Let o be l(7). Let v(m) = m + 8. What is the units digit of v(o)?
4
Suppose 4*r + 35 = 7. Let k(n) = -n**3 - 6*n**2 + n + 6. What is the tens digit of k(r)?
4
Let w = 1 + 2. Let j be 1/3 + (-1)/w. Let m = 4 - j. What is the units digit of m?
4
Suppose -78 = 4*c - 22. Let p = c - -21. What is the units digit of p?
7
Let s = -7 + 7. Suppose 3*u + j - 3 = s, 0*j = 2*j - 6. Suppose -6*r + r + 45 = u. What is the units digit of r?
9
Let o = -1 + 2. Suppose -o - 7 = -4*f. Suppose -c - 2*l + 27 = 3*l, -f*c - l = -9. What is the units digit of c?
2
Suppose 5*j = 4*p - 58, 3*p - 91 = -2*p - 3*j. Suppose 0 = 4*o - p - 43. What is the tens digit of o?
1
Let o(z) = -z - 9. Let r be o(-9). Suppose r = 4*g + g - 110. What is the units digit of g?
2
Suppose -7*r + r + 654 = 0. What is the hundreds digit of r?
1
Let u = 15 + -11. Suppose -q = -3*j - 13, u*q + 3 = 2*j + 15. Suppose -4*w - q = -29. What is the units digit of w?
7
Let x(f) = -3*f + 1. Let t be x(-1). Suppose -10 = -t*p + 6. Suppose -p*y = y - 45. What is the units digit of y?
9
Suppose -3*o - q - 2 + 42 = 0, 4*q = -4*o + 56. Let i(p) = p**3 - 12*p**2 - 12*p - 10. What is the units digit of i(o)?
3
Let a(x) = x**2 + 4*x. Let h be a(-5). Suppose 5*b + h*p = 5, -p + 11 = 2*b + 4*p. Let u = b + 3. What is the units digit of u?
1
Suppose -4*s = -0*s. Let m be 2*1 + 10 + s. What is the units digit of 3/m - 70/(-8)?
9
Suppose 0 = -3*w + 1 + 11. Suppose -f - 3*f = -w. What is the units digit of f?
1
Suppose -5*j + 17 = 4*k - 49, 4*j + 2*k = 54. What is the tens digit of j?
1
Let w = -2 + 18. What is the units digit of w?
6
Suppose -2*c + 2*a - 5*a = -99, -5*c = -2*a - 276. What is the units digit of c?
4
Suppose -3*r = -2*r - 36. Suppose 4*g + 6 = -2*c - g, 4*g = -3*c - 2. Suppose -3*n - c*f + r = -n, 72 = 5*n - f. What is the tens digit of n?
1
Suppose 0 = -3*v + 8*v + 20. Let d = v - -8. Suppose l + 3 = 0, d*n = 2*n + 3*l + 13. What is the units digit of n?
2
Let a(m) = 3*m + 3 - 4*m + m**2 - 3*m. Let u be a(4). What is the units digit of 4/u + (-2)/(-3)?
2
Let t(b) = -b. Let i be t(0). Let p = i - -6. What is the units digit of p?
6
Suppose 0 = 2*d - 1 + 5. Let s(b) = b**2 + 3*b + 2. Let z be s(d). Suppose -3*a + 22 + 17 = z. What is the units digit of a?
3
What is the hundreds digit of 1169/(-35)*(-2 - 3)?
1
Let d be 2/8 + (-21)/(-12). Let s(b) = -b + 2. Let t be s(-2). Suppose 3*l - 38 = -t*p + 5*l, -d = 2*l. What is the units digit of p?
9
What is the units digit of 16/2*(-2 - 102/(-8))?
6
Suppose 2*v + c - 98 = -4*c, 4*v + c = 160. What is the units digit of v?
9
Suppose 2*k + 10 = -p, -2*p - 14 = 5*k - 3*k. Let g(m) = -m**3 - 5*m**2 - 6*m - 1. Let t be g(p). Let b = t + 0. What is the units digit of b?
7
Let d = 15 + -10. Suppose d = 3*n - 1. What is the units digit of n?
2
Let v(g) = g**2 + g + 13. What is the units digit of v(-8)?
9
Let c(j) = 49*j**3 - 2*j**2 + 2*j - 1. What is the units digit of c(1)?
8
Suppose 0 = 4*j - 4. Let v(x) = 30*x**3 - 1. What is the tens digit of v(j)?
2
Let u(w) = 3*w**2 + 6*w - 5. What is the tens digit of u(4)?
6
Let c be (2 + 24/3)/2. Suppose c*x = x + 8. What is the units digit of 1/x + (-39)/(-6)?
7
Suppose -5*z + 4*z = 2*q - 327, -3*z = 5*q - 977. What is the tens digit of z?
1
Let o(v) = -v. Let k(m) = m**2 - m + 7. Let q(b) = -k(b) - 5*o(b). Let d be q(5). Let w = d - -9. What is the units digit of w?
7
Let s(x) = 3*x. Let a be s(-3). Let g = a - -23. What is the tens digit of g?
1
Suppose 4*b + 26 = c + 6, -b - 2 = -c. Let s = b + 16. What is the units digit of s?
0
Let g be 904/24 + (-1)/(-3). What is the tens digit of (-4 - -3)/((-2)/g)?
1
Let j = -42 + 186. What is the tens digit of j?
4
What is the tens digit of ((-100)/8)/(2/4*-1)?
2
Let k = 13 - 4. Suppose -4*v = -k*v + 5. What is the units digit of v?
1
Let f(i) = -i**3 + 3*i**2 + 3*i - 4. Let p be f(3). Suppose 5*y = h + 67, p*h + 36 = 2*y - 0*h. What is the units digit of y?
3
Let r = 155 + -111. What is the units digit of r?
4
Suppose 0 = -4*a + 30 - 6. What is the units digit of a?
6
Let z = 6 + -5. Let y(r) = 2*r**3 - r**2 - r + 1. What is the units digit of y(z)?
1
Let z(b) = -b**3 - 5*b**2 - 4*b + 3. Let g(h) = -4*h**2. Suppose -y + 3 = 2*y. Let s be g(y). What is the units digit of z(s)?
3
Suppose -4*b = b + 10. Let w(l) be the second derivative of -5*l**3/6 - 3*l**2/2 + 2*l. What is the units digit of w(b)?
7
Let v be (-32)/(-5) - 8/20. Let i = 8 - v. Suppose i*l + 5*p - 19 = 0, -3*l - 4*p + 5*p + 20 = 0. What is the units digit of l?
7
Suppose c = -c. Suppose 22 = 4*z + d, c = -2*d + 7 - 3. What is the units digit of z?
5
Let o = -1 - -3. Let u(s) = -10*s**2 + 2*s**3 + 6*s**o - 3*s**3 - 4*s - 1. What is the units digit of u(-3)?
2
Suppose -3*m = -m. Suppose 3*n - 1 - 2 = m. What is the units digit of n?
1
Suppose 5*n + 16 = 2*p + 56, 3*n - 4*p = 38. Suppose 0 = -3*y + t + 107, -2*y = 2*t - n - 68. What is the tens digit of y?
3
Let u = -81 - -115. What is the tens digit of u?
3
Suppose -5*a + d + 0*d = -245, 3*a = -5*d + 119. What is the tens digit of a?
4
Let x(a) = a**3 + 12*a**2 - 3*a + 23. What is the tens digit of x(-12)?
5
Let b(k) = 5*k - 25. What is the tens digit of b(15)?
5
Let s = -84 - -46. Let b = -16 - s. What is the units digit of b?
2
Suppose -4*o = o - 65. Suppose -t + 1 = -o. Let s = -9 + t. What is the units digit of s?
5
Let x = -9 + 11. Let a(t) = t**2 + 2*t - 2. What is the units digit of a(x)?
6
Suppose 0 = 4*g + 16, 4*f - 2*g - 204 = g. What is the tens digit of f?
4
Let g(c) = c**3 - 5*c**2 + 6*c - 5. Let b be g(4). Suppose -18 = -b*d - d - 2*a, -4*a - 29 = -5*d. What is the units digit of d?
5
Let w(s) = -s**3 + s**2. Let v be w(2). Let u = v - -8. What is the units digit of u?
4
Suppose 4*p + p = 20. Let n = 2 + -5. Let o = p + n. What is the units digit of o?
1
Let b be 2/4 - 78/(-12). Let v(l) = 2*l - 2. Let z be v(b). What is the units digit of -10*2/(-15)*z?
6
Let a(g) be the second derivative of g**4/12 + g**3 - g**2/2 + 3*g. Let k be a(-6). What is the units digit of (-27)/(-4) + k/(-4)?
7
Let g(i) = -i**3 + 9*i**2 + 31*i. What is the hundreds digit of g(9)?
2
Let q(r) be the second derivative of r**5/20 - r**4/4 + r**3/3 - r**2 - 2*r. Let t be q(2). What is the units digit of -3*t/2*3?
9
Let j(b) = -24*b - 1. Let m = -2 - -1. What is the units digit of j(m)?
3
Suppose -3*r + 10 = -2. Suppose y + 0 = -r. What is the units digit of ((-6)/y)/((-1)/(-6))?
9
Let j be 3 - (-2 + 2 - -1). Let l be (j + -8 - -2)*1. What is the units digit of (l/(-12))/(2/6)?
1
What is the units digit of (0 + -42 + 2)/(-1)?
0
Let g be (72/(-27))/(1/(-6)). Suppose -3*o + y + 10 = 0, -5*y - 10 = 7*o - 2*o. Suppose 0*d = -o*d + g. What is the units digit of d?
8
Suppose 12*k = 370 + 3014. What is the tens digit of k?
8
Let z(l) = 3*l - 2. Let a(r) = -2*r + 1. Let m(u) = 5*a(u) + 3*z(u). Let h be m(-3). Suppose -j - h = -3. What is the units digit of j?
1
Let g = 219 - 131. What is the tens digit of g?
8
Let g be (8/12)/((-2)/(-42)). Let f = -5 - -2. Let o = f + g. What is the units digit of o?
1
Suppose 2*m - 683 = -5*r - 0*m, 5*m = -5*r + 695. What is the hundreds digit of r?
1
Let p(u) = -u**3 - 6*u**2 + 7*u + 15. What is the units digit of p(-7)?
5
Let q(c) be the third derivative of 0 - 3*c**2 - 1/2*c**3 + 0*c - 5/24*c**4. What is the units digit of q(-2)?
7
Suppose o = -0*n + n + 6, o + 3*n = -2. Let k = 6 - o. What is the units digit of k?
2
Let s(h) = -h**3 - 6*h**2 + 2*h - 8. Let a be s(-6). Let v = 21 + a. What is the units digit of v?
1
Let c = 125 + -88. Suppose -5*o + 70 = -2*q, -3*o + o - q = -c. Suppose -s + 0 + o = 0. What is the tens digit of s?
1
Suppose -4*w = -3*l - 18 - 14, -4*l - 2*w = 50. Let r = l - -32. What is the tens digit of r?
2
Let c = 393 - 156. What is the units digit of c?
7
Let l(x) = -x**2 - 3*x + 7. Let p = 11 + -16. Let v be l(p). Let z(q) = -q**3 - 4*q**2 - 3*q + 4. What is the units digit of z(v)?
4
Let f(d) = d + 10. Let l be f(